 - (3 + -62).
56
Evaluate 55 - 105 - -63 - (6 - 1).
8
What is 2 + 41 - (-470 - -510)?
3
What is 4 + (31 - 4) - (34 + -28)?
25
(3 - 46) + 29 + (-9 - (22 + -13))
-32
What is the value of (-22 - -11) + (38 - 37)?
-10
-2 + (-1 - 13) + (41 - -32) + -56
1
What is 1 + 10 - (79 + -66)?
-2
What is (51 - (51 - -8)) + 1?
-7
What is the value of 4 + 11 + -38 + 10 + 2 + 18 - 3?
4
What is (124 - (0 + 0)) + 205 + -216 + (-8 - -15)?
120
Calculate 14690 + -14835 - (-2 + -275).
132
What is the value of 11 - (29 + -10 - 13 - 17)?
22
Calculate 61 + -56 - (-5 + 5) - -37.
42
(52 - -1 - (83 + -67)) + 1 + -4
34
What is 513 + -513 - ((33 + -2 - -3) + 4)?
-38
What is -17 + 1 + 59 + -10 + 12?
45
10 + 2 + -1 + -70 + (0 - (-48 - -14))
-25
What is -30 - (-7 - -2) - ((6 + -7 - 3) + 2)?
-23
Calculate -2 + 3 - ((11 - ((24 - 5) + 3)) + 25).
-13
Evaluate -8 - (-9 + 2 + -27 + -4 + 1).
29
-4 - (8 - 2 - 59)
49
Calculate 744 + -699 - (26 + 0).
19
What is (64 - 11) + -56 + 16 + 1 - 21?
-7
What is the value of 1 - 76 - (-233 - (-170 - 51))?
-63
What is 1 + -4 + (-10 - -1 - (-20 + (-21 - 69)))?
98
Evaluate (-1 - -8) + 56 + -52 + -11 + 3 - 44.
-41
Evaluate 3 - (38 + -19 - -12).
-28
What is the value of (-364 - -202) + 180 + -1 + (57 - 0)?
74
Evaluate 64 - 36 - (6 - 26).
48
What is the value of (2 - (-21 - -7)) + 227 + -129?
114
Calculate (16 - ((-35 - -46) + 12)) + (70 - (0 - 3)).
66
(12 - (42 - 85)) + -24
31
What is the value of 6 + 0 - (-25 + (0 + 4 - -36))?
-9
What is (8 + -1 - (2 + 5 + 14 + -8)) + -123?
-129
What is (-21977 - -21917) + 102 + 0?
42
38 + 52 + -164 - -49
-25
Evaluate 16 - ((40 - 150) + 7 + -9 + (-2 - -5)).
125
What is -2 - (14 - 3) - (705 + -752)?
34
-371 + 392 + (0 - 23) - (-5 - 1) - -39
43
Calculate 2 - ((37 + -17 - 22) + 2).
2
-47 - (-45 - (-16 + 52))
34
What is -71 + (-26 - -56) + 9?
-32
Evaluate (10 + 1 - (-33 + 62)) + 10.
-8
1 - 12 - (-28 - 15)
32
What is -181 - -234 - (44 - 5)?
14
Evaluate (20 - (-8 + 16 + 7)) + (-4 - -22).
23
Evaluate (8 + -16 + -16 + 20 - -16) + 0 + -25.
-13
Calculate 19 + (0 - 9) + (-18 - -6).
-2
What is the value of -37 + (41 - (-7 - (5 - -48)))?
64
Evaluate 62 + -73 + 73 + 1.
63
What is the value of 78 - (-97 + 164) - (102 + (0 - (-4 - -2)))?
-93
What is -5 + 7 - (8 + -57) - (11 + 0 + -24)?
64
Evaluate (10 + 9 + -24 - (-60 + 6 - 17)) + -12.
54
What is the value of -1287 + 1248 - (3 - 68)?
26
Calculate -525 + 540 + (-10 - 0).
5
What is the value of -47 - (-34 + -7) - 30?
-36
Evaluate -121 - (-103 + (39 - 57)).
0
What is the value of 0 - 4 - ((9 - (-2 + 1)) + -723 + 728)?
-19
(24 - 2 - 3) + -2714 + 2757 - 10
52
What is the value of -6 + (4 - (19 - 23))?
2
(8 - 17 - 16) + -18 - -11
-32
Evaluate -10 - (-15 + -11 - -18 - 16).
14
What is -51 - ((-23 - (34 - 69)) + 15)?
-78
What is -56 + (50 - -29) + -23?
0
(11 - -19 - 78) + 51
3
83417 + -83396 + 1 + 0 + -79
-57
What is (-4 - -5) + 43 + -39 + 5 - -14?
24
What is the value of (-14 - 6) + 11 + -7 + (15 - 4)?
-5
24 + -64 + 40 + (3 - 6) + 1
-2
What is the value of -9 + 80 + (128 - 130)?
69
0 - (15 + -1 - (362 - 343)) - 8
-3
Evaluate 124 + -87 + -3 + 10 - -15.
59
Calculate 6 - (16 - 18) - (16 + 0 + -2).
-6
What is 29 + -1 + 2 + 0 - (21 + (-46 - -12))?
43
Evaluate -11 + -71 + -35 - -212.
95
What is -8 - ((-13 - 17) + 28 - (-47 + (-3 - -2)))?
-54
(5 + 98 - (-254 - -262)) + (-17 - 2)
76
Evaluate 1 + -2 + -11 - (2345 + -2337).
-20
Evaluate (-2 - 0) + (-48 - (-13 - ((16 - 18) + 0))).
-39
Evaluate -1 + 69 + -15 + -28 + (12 - -33) + -4.
66
Evaluate -8 + -11 + (17 - 1 - (406 - 392)).
-17
What is the value of -46 - -69 - (-70 - (2 - (3 - -9)))?
83
Calculate -2708 - -2704 - (-6 + 10 + -30).
22
60 - -12 - (147 - 28)
-47
Evaluate (40 - (-4 + 33)) + (-22 - -1).
-10
What is the value of 61 + 44 + -119 - (-69 + -1 + 8)?
48
Calculate -7 + 21 + -16 + (3 - -34).
35
(386 - 368) + -14 + 3 - 0
7
What is (-46 - (2 - 2)) + -2843 + 2840?
-49
Evaluate -10 - -5 - (-1 + 3 - (-170 - -230)).
53
Evaluate 79 - (17 - 8 - -12 - -2).
56
(27 - 7) + (54 - 88) + 1 + 3 - 29
-39
What is the value of 12 + -2 - (-43 - (-49 - -29))?
33
Calculate -33 - (-116 + 51 - -70).
-38
Calculate 2 + -3 - 86 - (4 - 17 - (-124 - -110)).
-88
Calculate -27 + (-27 - -72) + 2 + -77.
-57
What is (19 - -56) + (-26 - -6) - 20?
35
(39 - -1) + (-198 - (-108 + -119))
69
What is -19 - (-30 + 12 + (20 - 0))?
-21
What is 21 + 21 + 10 - (14 + 12)?
26
Evaluate 6 - 28 - (-85 + 29 + -55).
89
Calculate 1 + -14 + (10 + 18 - 27) + 8.
-4
What is -4 + -4 + (-19 + 0 - (-34 + 28) - 18)?
-39
Evaluate (-37 - -63) + -18 - (84 + 13).
-89
What is (-9 - (-2 + 2)) + 15 - (-5 + 8 - 10)?
13
Evaluate (-68 - -50) + (0 - 47).
-65
Calculate (-1 - -7) + (-152 - -189 - 57).
-14
Evaluate (7 - -1) + (479 - 476 - (-18 - 2)).
31
(-833 - -842) + (2 + -5 - 0) + -40
-34
What is the value of 22 + -27 + (-8 - 0) + -1 + -33?
-47
(109 - 72 - -90) + -140
-13
What is the value of -65 - -1 - (-37 + -95 - -103)?
-35
What is the value of (5 - (12 + 22)) + 21?
-8
Evaluate (45 - 19) + 35 + 10 + 22.
93
What is (1 + 5 - 13) + (-5 - (-1 - 4))?
-7
What is the value of -59 - (73 + -110 + 39)?
-61
Calculate -4 + -3 + (36 - (-83 + 25)).
87
-132 + 73 + (48 - -98)
87
Evaluate -1 + (18 - -2) + (-5507 - -5450).
-38
What is (-26 - (-10 + -7 + 12)) + 69?
48
What is -62 + 9 - -6 - (-30 + 15 + 17 - -8)?
-57
Calculate -145 + 144 + 0 + -7 + 10 + (-55 - 0).
-53
What is -7 - (-13 + -1 + -1 + (-30 - (-22 + 0)))?
16
What is 19 - (1 + 23 + -81 + (135 - 70))?
11
What is the value of 10 - (14 + (5 - (5 - -5)))?
1
Evaluate 58 + 7 + -9 + (1 - 2) + -5.
50
What is -173 + 288 + -114 + 0 + -1 + 0?
0
(27 - -3) + 73 + (16 - 10) + -19
90
Calculate (-14 - (-67 + 31)) + -77.
-55
Calculate -134 + 46 + 14 + -15 + (-10 - 10).
-109
Evaluate 31 + -36 - (-4 + -22 + -6).
27
What is the value of 4 - (2 - (-5 - -8 - 1)) - (-59 - -124)?
-61
Evaluate (-41 + 26 - -14) + (75 - (7 + -11)).
78
Evaluate -7 + 52 + -42 + (-42 - -7).
-32
What is the value of -84 + 2 + (4 - 8) + (73 - (147 + -89))?
-71
60 + (-31 - 22) - 33
-26
Evaluate -1 + ((2 - 12) + 8 - (38 + -10)).
-31
-39 + 5 + 2 + -6 + 13
-25
(1 - -16) + (-49 + 88 - 33)
23
Evaluate 79 - (-28 + -1 + (-383 - -433)).
58
-36 + 23 - ((-13 - 2) + 4 - 34)
32
Calculate (14 - (16 + 8 + -19)) + -16 + 52.
45
Evaluate (16 - (7 - -2) - -1) + (-4 - -6) + 38.
48
Calculate (38 - -58 - 163) + 46.
-21
Evaluate -59 - (-7 - (12 - -6)).
-34
31 - (4 + (-9 - -1 - (-101 + 108)))
42
What is -23 - (-5 + 18 + (8 - 16 - 7))?
-21
What is the value of 73 + (-197 - -100 - 7)?
-31
Evaluate -18 + -2 + (35 - (-7 + 29)).
-7
What is -297 - (-381 - -77) - (0 + 90 + -1)?
-82
(-73 - -71) + 48 + (-7 + 10 - -1)
50
What is the value of -78 - 8 - -172 - 45?
41
What is the value of 61 + -4 + 7 + -11 + 11 + -14 + 0?
50
Calculate -112 + -76 + 115 + -19.
-92
-16 + (45 - -24 - -55)
108
What is the value of 56 + ((1 - 11) + 0 + 2 + -3 - 0)?
45
Evaluate -68 + -60 + 86 - 31.
-73
What is the value of 31 - (1 + -41 + 2 + 25)?
44
Evaluate -5 + 3 + (-11 - 30) + 69 + (0 - 1).
25
Evaluate 2 + 35 + -1 - (-3271 - -3253).
54
-24 + 21 + -4 + -16 - (3 + -2 + -11)
-13
What is the value of 26 - (-48 + 106) - 0?
-32
(0 - 1) + 7 - (63 + 4)
-61
-210 - (-270 - -74) - (1 + (1 + 77 - 2))
-91
-3 + 12 + 3 - (17 - (17 + 5))
17
What is the value of -2 + -108 + 106 + (-216 - -132)?
-88
Calculate (-88 - -26) + -73 + 115 + -42 + 0.
-62
What is the value of -20 - 2 - -25 - (-44 - 1)?
48
What is -1 + -47 + (-258 - -44) + 248?
-14
(32 - (20 - 7)) + 33 + -26
26
Calculate -22 + 75 + -50 - ((0 - 1) + (-4 - -39)).
-31
Calculate (11 - 16) + (0 - -6 - (-42 + 34)) + -8.
1
Calculate -10 - (1 + 38 + (-5 - -8) + (12 - 18)).
-46
Evaluate -90 + (-4 - (63 + -112)).
-45
What is -26 + (10 - (-6 + 23) - -13) - 4?
-24
What is the value of -9 - 59 - -9 - -109?
50
Evaluate 10 - (-24 - (-41 - -29 - -11)).
33
Evaluate 12 + 7 + 2 + -3 + -3 + -1 + -1.
13
What is the value of (-2 + 4 + -80 - 3) + (-36 - 29 - -63)?
-83
11 + (-11 - (-2 - (18 + -1) - -18))
1
Evaluate -104 + -41 + 97 + -43.
-91
What is the value of 40 - ((-24 - (14 + -26)) + 20)?
32
Evaluate (-2 + 49 - 13) + (-1 - (4 + -6)).
35
(226 - 159) + (-14 + 23 - (-1 + -9))
86
42 + 106 + -61 - (-4 + -31)
122
1197 + -1220 - (5 - (30 - 4))
-2
-37 + -98 - (-24 + -9 + -6)
-96
Evaluate 41 + 55 - (80 - -121).
-105
(-53 - 2) + 28 + -49 + 28 + (-1 - -3)
-46
(-46